 - 6/10.
7
Let x be -9 - 5/((-10)/6). List the prime factors of 80/x*30/(-25).
2
Let y be (-10)/(-25) + 116/10. Let h = 17 - y. Suppose 5*t + b - 37 + 5 = 0, 4*t = h*b + 43. List the prime factors of t.
7
Let x(g) = -g**2 + 5*g + 2. Let n be x(6). List the prime factors of 1 + n - (5 - 40).
2
Let l = -7 - -13. List the prime factors of l.
2, 3
Let b(q) = -q**3 + 10*q**2 + 21*q + 6. What are the prime factors of b(9)?
2, 3, 23
Suppose 4*u = -8, k - 5*u = -k + 42. What are the prime factors of k?
2
Let n(c) = c**2 + 6*c + 5. Let a be n(-5). Suppose -3*r + a*r = -6. What are the prime factors of r?
2
Suppose -p + 164 = 24. Let d = -100 + p. What are the prime factors of d?
2, 5
Let w = 55 + -13. What are the prime factors of w?
2, 3, 7
Let f = 108 - 42. Suppose f = 2*w - 2*z, 0 = 6*w - 5*w - 5*z - 49. List the prime factors of w.
29
Let z = -1 + 5. List the prime factors of z.
2
What are the prime factors of (-366)/(-10) - 12/20?
2, 3
Let t(c) = c**3 + 5*c**2 + c - 5. Let l be t(-4). Suppose -2*s - 5*y + l = 0, 3*s + 8 = -y - 1. Let q(p) = -p + 3. List the prime factors of q(s).
7
Let j be (-40)/(-24) + (-2)/(-6). Suppose 20 = 5*o - 10*o. Let w = j - o. List the prime factors of w.
2, 3
What are the prime factors of -1*3 + 2 - (-122 - -14)?
107
Suppose 6398 = 4*c + 862. What are the prime factors of 2/(-9) + c/72?
19
Let r(t) = t + 7. Let m = 6 + -5. Let n be (-2)/(-3 + m)*-5. List the prime factors of r(n).
2
Let z(h) = -h**2 + 14*h + 17. Let y be z(15). Suppose 5*i - 27 = y*i. What are the prime factors of i?
3
Let b = 3 - 3. Suppose -y - 4*y + m + 22 = b, -4*y = -4*m - 8. What are the prime factors of y?
5
Let v be (18/(-3) - 0)/1. Let b(o) = -o - 4. Let h be b(v). Suppose 0 = 5*i - 5*x - 15, -x = h*i - 6*i + 12. What are the prime factors of i?
3
Suppose -p = -1 - 1. Suppose p*u + 4 = 3*u. What are the prime factors of u?
2
Let g(u) = u**3 + 9*u**2 + 8*u - 4. Let q be g(-8). Let c(v) = v**2 + 3*v - 4. Let a be c(q). Let o = a - -8. List the prime factors of o.
2
Let j(u) = -u**3 + 5*u**2 - 4*u - 7. Let i(y) = -4*y**3 + 14*y**2 - 13*y - 21. Let m(l) = -2*i(l) + 7*j(l). List the prime factors of m(-7).
7
Let a be (32/10)/((-10)/(-125)). Suppose 0 = 4*b - 2*y - 52, -4*b - y + a = 3*y. What are the prime factors of b?
2, 3
Suppose -2*y = -12 - 10. Suppose -2*j + 7 = -y. List the prime factors of j.
3
Let q = 94 + 25. Let p = q - 77. What are the prime factors of p?
2, 3, 7
Let l be (-2 + 2)/1 - -2. Suppose -q = 3*g + 9, -l*g + 1 = 4*q - 3. Suppose s = q*s - 14. List the prime factors of s.
7
Let f(n) = 4*n**2 - 1. Let i be f(1). Let y be ((1 + 2)*i)/(-1). Let a = y + 20. List the prime factors of a.
11
Let q(r) = r**3 - 11*r**2 + 17*r + 6. Let k be q(9). Let j = -9 + 0. Let t = k - j. List the prime factors of t.
2, 3
Let t(n) be the third derivative of -n**5/60 + 7*n**4/24 + 7*n**3/6 - 2*n**2. What are the prime factors of t(6)?
13
Let h(p) be the third derivative of p**6/120 - 2*p**5/15 + p**4/3 + p**3/2 - 3*p**2. What are the prime factors of h(7)?
2, 5
Let s(w) = 2*w - 1. Let h be s(3). Suppose -35 = h*z - 10*z. Suppose -z = 3*c - 40. List the prime factors of c.
11
Let z = -1 - -2. Let f = 14 + z. List the prime factors of f.
3, 5
Suppose 0*j - 4*j + 10 = 2*p, 3*p - j - 8 = 0. Suppose -3 = p*l - 9. Suppose -6 - l = -4*n. List the prime factors of n.
2
Let x(o) = o**3 + 14*o**2 + 8*o + 8. List the prime factors of x(-13).
73
Suppose 12*f = 17*f - 45. What are the prime factors of f?
3
Let u be 3/6*8/2. Let g(h) = -h**3 - 6*h**2 - h + 6. Let o be g(-6). Suppose i = 4, -u*s + 44 = 3*i + o. List the prime factors of s.
2, 5
Let n(w) = w**3 + 10*w**2 - 11*w - 14. Let p be n(-11). Let o = 11 - p. Suppose 4*r + 5 = o. What are the prime factors of r?
5
Suppose -32 = -3*r - 4*u, 3*r - 2*u - 7 = 13. Suppose -2*y + 2 = -r. List the prime factors of y.
5
Let x be 1 - 6/(-3)*4. Let d = -10 + 5. Let a = x + d. List the prime factors of a.
2
Suppose -5*y + 381 = -199. List the prime factors of y.
2, 29
Let k be (-10)/(-3)*(-3 - 3). What are the prime factors of (-72)/(-30)*k/(-6)?
2
Let u = 58 - 110. What are the prime factors of (u/6)/(12/(-18))?
13
Let b(t) = t**2 - 2*t + 3. List the prime factors of b(6).
3
List the prime factors of (2 - (-4 - -6)) + 43.
43
List the prime factors of (70/21)/((-1)/(-18)).
2, 3, 5
Let w(u) = 3 + 4 - 4 + 5*u + u**3 + 3 + 5*u**2. What are the prime factors of w(-4)?
2
Suppose -4*v + 15 - 3 = 0. Suppose -v*s = 5*l - 17, 2 = -4*l + 2*s - 2. What are the prime factors of (-16)/(-12)*(10 - l)?
2, 3
Let c(h) = 17*h. Let l(p) = p**3 - 5*p**2 - 1. Let j be l(5). Let g be c(j). Let t = -8 - g. List the prime factors of t.
3
List the prime factors of (-12)/30 + 84/10.
2
Let j(n) = 2*n**3 - 4*n**2 + 4*n + 1. List the prime factors of j(3).
31
Let c = -302 - -450. List the prime factors of c.
2, 37
Suppose -2*p = -2 + 12. List the prime factors of (p/15)/((-1)/78).
2, 13
Suppose 27 = 3*k + 12. List the prime factors of k.
5
What are the prime factors of (1/1*11)/(3/6)?
2, 11
Let m(j) be the third derivative of j**5/30 + j**4/24 + j**3/3 - j**2. Let y = 5 + -3. What are the prime factors of m(y)?
2, 3
Let z(k) = k**3 + 10*k**2 + 19. List the prime factors of z(-9).
2, 5
Let m = -38 - -23. Suppose 11 = -5*d - 4. List the prime factors of (-204)/(-20) - d/m.
2, 5
Suppose 0 = -2*h + 7*h + 60. List the prime factors of (h/(-2))/(3/12).
2, 3
Let f be -46*(-2 + 3/3). Let g = -13 + f. What are the prime factors of g?
3, 11
Suppose -z = 4*z - 820. List the prime factors of z.
2, 41
Suppose 0 = z - 0 - 3. List the prime factors of 215/15 + (-1)/z.
2, 7
Suppose 0 = 13*c - 17*c + 88. List the prime factors of c.
2, 11
Let j be (-23)/(-3) + 6/(-9). Suppose 0 = -2*s + 4*a + 6, -18 = -4*s + j*a - 2*a. What are the prime factors of s?
7
Let s = 0 - -4. Suppose 5*z - 3*g = 0, 3*z = -z - s*g + 32. Suppose 18 = 2*n + 2*k, -2*k - 7 = -z*n + 10. What are the prime factors of n?
7
Let t(p) = 3*p - 6. Let v be (-2)/(10/6 + -2). List the prime factors of t(v).
2, 3
List the prime factors of 646/8 + (-51)/68.
2, 5
Suppose -2*i + 2*h = -0*h - 54, -4*i + 133 = h. Let u be 2/(-4)*(i - -2). Let w = 27 + u. List the prime factors of w.
2, 5
Let o = 2 + 152. List the prime factors of o.
2, 7, 11
Let u(i) = -18*i - 29. What are the prime factors of u(-14)?
223
List the prime factors of (4/(-6))/((-10)/615).
41
Suppose 0 = 5*d - 6*k + 3*k + 79, d - k = -17. Let n = -3 - d. List the prime factors of n.
11
Suppose 0 = -5*c + 2*h + 81, 0 = -4*h - h - 15. List the prime factors of c.
3, 5
Let d(v) = -45*v + 1. What are the prime factors of d(-3)?
2, 17
Suppose -2*r + 16 = 2*r. Let y = 1 + r. List the prime factors of y.
5
Let h(m) = -m**2 + 2*m**2 + 4 + 2*m**2 - 2. What are the prime factors of h(2)?
2, 7
Let d(f) = -f**2 + 21. What are the prime factors of d(0)?
3, 7
Suppose -2*v + 20 = 3*v. Suppose -3*j - 2*t = -2*j - v, 0 = 5*j + 3*t - 41. What are the prime factors of 1/3 + j/6?
2
Suppose -3*k - 2*p = -17, 0 = 4*p + 5 - 21. Suppose -5*x = g - k, -5*x - 16 - 89 = -5*g. Let s = g + -7. List the prime factors of s.
11
Let m = -3 + 6. Suppose -2*g = -5*p + 75, -2*g + 48 = 3*p + m. What are the prime factors of p?
3, 5
Let p(b) = 2*b**2 - 2*b - 8. Let j be p(6). Let r = -9 + j. List the prime factors of r.
43
What are the prime factors of (0 + -1)*-2 + 29?
31
Let t be (-9 + 5)*(-1)/2. Suppose 0 = -7*m + t*m + 10. List the prime factors of m.
2
Let v = 180 + -9. What are the prime factors of v?
3, 19
Suppose 5*c + 113 = 628. What are the prime factors of c?
103
Suppose -9*w + 30 = -4*w. Let l(i) = i**2 - 7*i + 9. Let z be l(w). Suppose -j + 6 = -z. What are the prime factors of j?
3
Suppose 107 = 2*k + 23. What are the prime factors of k?
2, 3, 7
Suppose -2*z + 27 = -3. Suppose 0 = 4*l + l - z. List the prime factors of l.
3
Suppose 4*w + w + 3*x - 12 = 0, -w - 4*x - 1 = 0. List the prime factors of w.
3
Let w(c) = -c**3 - 6*c**2 - 11*c - 7. What are the prime factors of w(-5)?
23
Let r(y) = y**2 - 2*y + 22. Let p(n) = -n**2 - 9*n. Let f be p(-9). List the prime factors of r(f).
2, 11
Let w(f) = -f**3 - f**2 + 6*f + 4. List the prime factors of w(-4).
2, 7
Let q = -9 + 11. Suppose -u - q + 29 = 0. What are the prime factors of u?
3
Suppose 0 = -2*g - 4*f - 44, -f - 9